{"id":112,"date":"2018-05-09T18:45:43","date_gmt":"2018-05-09T18:45:43","guid":{"rendered":"http:\/\/lmi-cat.net\/apps\/?page_id=112"},"modified":"2018-07-18T13:33:07","modified_gmt":"2018-07-18T13:33:07","slug":"guia-2","status":"publish","type":"page","link":"https:\/\/lmi-cat.net\/apps\/es\/guia-2\/","title":{"rendered":"Selecci\u00f3n Apps"},"content":{"rendered":"<p align=\"justify\">\u00bfC\u00f3mo seleccionar recursos digitales de calidad? En este documento, destinado a familias y educadores, se presentan algunos consejos para elegir Apps infantiles seguras y de calidad, superando la visi\u00f3n de los ni\u00f1os como receptores de riesgos u oportunidades, en favor de un enfoque que permita entender mejor su papel como agentes en la era digital. El documento est\u00e1 bajo licencia Creative Commons de Atribuci\u00f3n-NoComercial-NoDerivadas (CC BY-NC-ND).<\/p>\n<p><a href=\"http:\/\/lmi-cat.net\/apps\/wp-content\/uploads\/2018\/05\/G-edu-esp.pdf\" target=\"_blank\" rel=\"noopener\">Descarga el documento<\/a><\/p>\n<a href=\"https:\/\/lmi-cat.net\/apps\/wp-content\/uploads\/2018\/05\/G-edu-esp.pdf\" class=\"pdfemb-viewer\" style=\"\" data-width=\"max\" data-height=\"max\" data-toolbar=\"bottom\" data-toolbar-fixed=\"off\">G-edu-esp<\/a>\n<p>&nbsp;<\/p>\n<p align=\"justify\">Citar como: Gran\u00e9, M. et al. (2018). Com escollir recursos digitals de qualitat per als infants \/ Como seleccionar recursos digitales de calidad para ni\u00f1os y ni\u00f1as. En: Apps para la primera infancia. Sugerencias y buenas pr\u00e1cticas para elegir y crear contenidos interactivos de calidad. http:\/\/lmi-cat.net\/apps\/es\/guia-2\/<\/p>\n","protected":false},"excerpt":{"rendered":"<p>\u00bfC\u00f3mo seleccionar recursos digitales de calidad? En este documento, destinado a familias y educadores, se presentan algunos consejos para elegir Apps infantiles seguras y de calidad, superando la visi\u00f3n de los ni\u00f1os como receptores de riesgos u oportunidades, en favor de un enfoque que permita entender mejor su papel como agentes en la era digital.<a class=\"moretag\" href=\"https:\/\/lmi-cat.net\/apps\/es\/guia-2\/\"><span class=\"screen-reader-text\">Read more about Selecci\u00f3n Apps<\/span>[&#8230;]<\/a><\/p>\n","protected":false},"author":1,"featured_media":0,"parent":0,"menu_order":0,"comment_status":"closed","ping_status":"closed","template":"","meta":{"footnotes":""},"class_list":["post-112","page","type-page","status-publish","hentry"],"_links":{"self":[{"href":"https:\/\/lmi-cat.net\/apps\/wp-json\/wp\/v2\/pages\/112"}],"collection":[{"href":"https:\/\/lmi-cat.net\/apps\/wp-json\/wp\/v2\/pages"}],"about":[{"href":"https:\/\/lmi-cat.net\/apps\/wp-json\/wp\/v2\/types\/page"}],"author":[{"embeddable":true,"href":"https:\/\/lmi-cat.net\/apps\/wp-json\/wp\/v2\/users\/1"}],"replies":[{"embeddable":true,"href":"https:\/\/lmi-cat.net\/apps\/wp-json\/wp\/v2\/comments?post=112"}],"version-history":[{"count":5,"href":"https:\/\/lmi-cat.net\/apps\/wp-json\/wp\/v2\/pages\/112\/revisions"}],"predecessor-version":[{"id":202,"href":"https:\/\/lmi-cat.net\/apps\/wp-json\/wp\/v2\/pages\/112\/revisions\/202"}],"wp:attachment":[{"href":"https:\/\/lmi-cat.net\/apps\/wp-json\/wp\/v2\/media?parent=112"}],"curies":[{"name":"wp","href":"https:\/\/api.w.org\/{rel}","templated":true}]}}