{"id":46,"date":"2018-04-19T17:08:46","date_gmt":"2018-04-19T17:08:46","guid":{"rendered":"http:\/\/lmi-cat.net\/apps\/?page_id=46"},"modified":"2018-10-18T14:38:35","modified_gmt":"2018-10-18T14:38:35","slug":"equipo","status":"publish","type":"page","link":"https:\/\/lmi-cat.net\/apps\/es\/equipo\/","title":{"rendered":"Equipo"},"content":{"rendered":"<p>El proyecto se elabora desde el campo de la comunicaci\u00f3n, la pedagog\u00eda y la psicolog\u00eda evolutiva. A continuaci\u00f3n, se presentan los miembros del equipo:<\/p>\n<p>&nbsp;<\/p>\n<ul>\n<li style=\"list-style-type: none;\">\n<ul>\n<li style=\"list-style-type: none;\">\n<ul>\n<li><a href=\"https:\/\/www.researchgate.net\/profile\/Lucrezia_Crescenzi\">Lucrezia Crescenzi Lanna<\/a> (Universitat de Vic)<\/li>\n<\/ul>\n<\/li>\n<\/ul>\n<\/li>\n<\/ul>\n<p>&nbsp;<\/p>\n<ul>\n<li style=\"list-style-type: none;\">\n<ul>\n<li style=\"list-style-type: none;\">\n<ul>\n<li><a href=\"https:\/\/www.researchgate.net\/profile\/Mariona_Grane\">Mariona Gran\u00e9<\/a> (Universitat de Barcelona)<\/li>\n<\/ul>\n<\/li>\n<\/ul>\n<\/li>\n<\/ul>\n<p>&nbsp;<\/p>\n<ul>\n<li style=\"list-style-type: none;\">\n<ul>\n<li style=\"list-style-type: none;\">\n<ul>\n<li><a href=\"https:\/\/www.researchgate.net\/profile\/Rafael_Suarez_Gomez\">Rafael Su\u00e1rez<\/a> (Universitat Tecnocampus)<\/li>\n<\/ul>\n<\/li>\n<\/ul>\n<\/li>\n<\/ul>\n<p>&nbsp;<\/p>\n<ul>\n<li style=\"list-style-type: none;\">\n<ul>\n<li style=\"list-style-type: none;\">\n<ul>\n<li><a href=\"https:\/\/www.researchgate.net\/profile\/Riccardo_Valente?_iepl%5BgeneralViewId%5D=kBsXJnjzAFk8oTR42CMMi0YiOMjtsuLEruYQ&amp;_iepl%5Bcontexts%5D%5B0%5D=searchReact&amp;_iepl%5BviewId%5D=e49d9j0QF6sxHGh3UphzmMWzHVF1sBXKAhen&amp;_iepl%5BsearchType%5D=researcher&amp;_iepl%5Bdata%5D%5BcountMoreThan20%5D=1&amp;_iepl%5Bdata%5D%5BinteractedWithPosition2%5D=1&amp;_iepl%5Bdata%5D%5BwithoutEnrichment%5D=1&amp;_iepl%5Bposition%5D=2&amp;_iepl%5BrgKey%5D=AC%3A4214216&amp;_iepl%5BinteractionType%5D=profileView\">Riccardo Valente<\/a> (Universitat Oberta de Catalunya)<\/li>\n<\/ul>\n<\/li>\n<\/ul>\n<\/li>\n<\/ul>\n<p>&nbsp;<\/p>\n<ul>\n<li style=\"list-style-type: none;\">\n<ul>\n<li style=\"list-style-type: none;\">\n<ul>\n<li><a href=\"https:\/\/www.researchgate.net\/profile\/Marta_Lopez25\">Marta L\u00f3pez<\/a>\u00a0(Universitat Oberta de Catalunya)<\/li>\n<\/ul>\n<\/li>\n<\/ul>\n<\/li>\n<\/ul>\n<p>&nbsp;<\/p>\n<ul>\n<li style=\"list-style-type: none;\">\n<ul>\n<li style=\"list-style-type: none;\">\n<ul>\n<li><a href=\"http:\/\/www.lemonbytes.com\/author\/carol\/\">Carol Iba\u00f1ez<\/a> (Lemon Bytes)<\/li>\n<\/ul>\n<\/li>\n<\/ul>\n<\/li>\n<\/ul>\n<p>&nbsp;<\/p>\n<p align=\"justify\">Se agradece la colaboraci\u00f3n en el proyecto de la Dra. Juliana Cristina Faggion Bergmann, profesora de la Universidad Federal de Santa Catarina (UFSC, Brasil).<\/p>\n","protected":false},"excerpt":{"rendered":"<p>El proyecto se elabora desde el campo de la comunicaci\u00f3n, la pedagog\u00eda y la psicolog\u00eda evolutiva. A continuaci\u00f3n, se presentan los miembros del equipo: &nbsp; Lucrezia Crescenzi Lanna (Universitat de Vic) &nbsp; Mariona Gran\u00e9 (Universitat de Barcelona) &nbsp; Rafael Su\u00e1rez (Universitat Tecnocampus) &nbsp; Riccardo Valente (Universitat Oberta de Catalunya) &nbsp; Marta L\u00f3pez\u00a0(Universitat Oberta de Catalunya)<a class=\"moretag\" href=\"https:\/\/lmi-cat.net\/apps\/es\/equipo\/\"><span class=\"screen-reader-text\">Read more about Equipo<\/span>[&#8230;]<\/a><\/p>\n","protected":false},"author":1,"featured_media":0,"parent":0,"menu_order":0,"comment_status":"closed","ping_status":"closed","template":"","meta":{"footnotes":""},"class_list":["post-46","page","type-page","status-publish","hentry"],"_links":{"self":[{"href":"https:\/\/lmi-cat.net\/apps\/wp-json\/wp\/v2\/pages\/46"}],"collection":[{"href":"https:\/\/lmi-cat.net\/apps\/wp-json\/wp\/v2\/pages"}],"about":[{"href":"https:\/\/lmi-cat.net\/apps\/wp-json\/wp\/v2\/types\/page"}],"author":[{"embeddable":true,"href":"https:\/\/lmi-cat.net\/apps\/wp-json\/wp\/v2\/users\/1"}],"replies":[{"embeddable":true,"href":"https:\/\/lmi-cat.net\/apps\/wp-json\/wp\/v2\/comments?post=46"}],"version-history":[{"count":11,"href":"https:\/\/lmi-cat.net\/apps\/wp-json\/wp\/v2\/pages\/46\/revisions"}],"predecessor-version":[{"id":224,"href":"https:\/\/lmi-cat.net\/apps\/wp-json\/wp\/v2\/pages\/46\/revisions\/224"}],"wp:attachment":[{"href":"https:\/\/lmi-cat.net\/apps\/wp-json\/wp\/v2\/media?parent=46"}],"curies":[{"name":"wp","href":"https:\/\/api.w.org\/{rel}","templated":true}]}}